t is 112220010 + -2?
112220001
In base 9, what is 0 - 111?
-111
In base 2, what is 1 + 100100?
100101
In base 8, what is -611 + 10?
-601
In base 13, what is 101 - 5?
c9
In base 3, what is -10 + -1010212?
-1010222
In base 2, what is 10101110 - -101?
10110011
In base 8, what is 13521 + 3?
13524
In base 7, what is 6461 - -3?
6464
In base 10, what is -1 - 40?
-41
In base 8, what is -4 - -346?
342
In base 15, what is -6 + -8?
-e
In base 3, what is 1222 - 0?
1222
In base 8, what is -1 + 1367?
1366
In base 7, what is 40 - -523?
563
In base 14, what is -7 - -a29?
a22
In base 3, what is 11 - 1112?
-1101
In base 11, what is 3 + 36?
39
In base 6, what is 1035 - 412?
223
In base 9, what is 1 + 1300?
1301
In base 11, what is -77 - -236?
16a
In base 3, what is 12022221 - -11?
12100002
In base 11, what is a + -1a?
-10
In base 11, what is -1aa4 + 5?
-1a9a
In base 12, what is 2 + 21a8?
21aa
In base 8, what is 315 + 3?
320
In base 2, what is 0 + -101010101?
-101010101
In base 9, what is 5 + -24?
-18
In base 13, what is 85 + -5?
80
In base 13, what is -3 - -31?
2b
In base 7, what is -14 - -12?
-2
In base 4, what is 12 - 10210?
-10132
In base 7, what is -4 + 6244?
6240
In base 16, what is 5 - -bd?
c2
In base 5, what is -324 - -104?
-220
In base 4, what is 23 + 20?
103
In base 7, what is 162 + -2?
160
In base 15, what is 7 + 47?
4e
In base 11, what is -706 + 4?
-702
In base 14, what is 5 - -a9?
b0
In base 8, what is 1552 - 4?
1546
In base 15, what is -12 + -1b?
-2d
In base 16, what is 1b1 - 4?
1ad
In base 14, what is -1948 + 6?
-1942
In base 16, what is 18c - 4?
188
In base 14, what is -12 - 11?
-23
In base 4, what is -113 - -31?
-22
In base 11, what is 4729 - -3?
4731
In base 2, what is 10111 + -101000101?
-100101110
In base 14, what is a - -5aa?
5b6
In base 13, what is 4777 - -5?
477c
In base 2, what is 100110101001 + -101?
100110100100
In base 15, what is 2a + 2?
2c
In base 16, what is 5 + -1441?
-143c
In base 5, what is 4 - 13444?
-13440
In base 5, what is -20 + 31?
11
In base 16, what is -7 - -b?
4
In base 14, what is 5 + -76?
-71
In base 9, what is -5 - -41?
35
In base 9, what is -151 + 11?
-140
In base 4, what is 1 - -2100101?
2100102
In base 3, what is 12 + 1010?
1022
In base 16, what is -2 + -bf?
-c1
In base 12, what is 233 - 3?
230
In base 11, what is -186 - 3?
-189
In base 11, what is 8 - 3?
5
In base 16, what is -5 - 7?
-c
In base 6, what is 12411 - -5?
12420
In base 16, what is 5 - -1af?
1b4
In base 7, what is 24 + 31?
55
In base 7, what is 4 - 12135?
-12131
In base 2, what is -1100001101 - 1?
-1100001110
In base 3, what is -11101 - 12?
-11120
In base 13, what is -34 + 14?
-20
In base 7, what is 2534 - 10?
2524
In base 10, what is -8 - -167?
159
In base 6, what is -3 + 25003?
25000
In base 7, what is 0 - 145?
-145
In base 3, what is 1200 + -12?
1111
In base 6, what is -1 + 2030?
2025
In base 14, what is -5 - 2b7?
-2bc
In base 13, what is 5 - 24?
-1c
In base 5, what is -101 + -401?
-1002
In base 7, what is 2 - 210?
-205
In base 12, what is a - 41?
-33
In base 6, what is -3524 + 1?
-3523
In base 9, what is 61 + 5?
66
In base 13, what is c + -18b?
-17c
In base 6, what is -1 - -10145?
10144
In base 16, what is 6f - 2?
6d
In base 4, what is -3 - 1103?
-1112
In base 4, what is 100 + 1001?
1101
In base 11, what is -476 - 2?
-478
In base 2, what is -1110111 + 10?
-1110101
In base 3, what is -1221 + 221?
-1000
In base 7, what is -101 + -1?
-102
In base 16, what is 24a - -2?
24c
In base 16, what is 2 + 76?
78
In base 5, what is 2341 + -11?
2330
In base 8, what is 5 - 26?
-21
In base 10, what is 109 - -1?
110
In base 16, what is 3 + 145?
148
In base 2, what is 1010 - 110?
100
In base 4, what is -22 - -1131?
1103
In base 6, what is -10 - -213?
203
In base 2, what is -100000 - -1000?
-11000
In base 8, what is 460 - -1?
461
In base 8, what is 126 + -15?
111
In base 16, what is -f + -46?
-55
In base 13, what is 9a - 43?
57
In base 11, what is -14 - 205?
-219
In base 7, what is 36 - 15?
21
In base 13, what is -47 - 2c?
-76
In base 2, what is -1 + -10111001111?
-10111010000
In base 2, what is 1011111100 + 100?
1100000000
In base 3, what is 122 + -112000?
-111101
In base 2, what is -110 + 101110?
101000
In base 7, what is -3 - -12?
6
In base 3, what is 101 - 10110?
-10002
In base 13, what is 3 - 29?
-26
In base 5, what is 23 - -113?
141
In base 5, what is -10 - -1401?
1341
In base 15, what is -1d43 + -5?
-1d48
In base 3, what is 11121 - -2?
11200
In base 9, what is 280 + 2?
282
In base 7, what is 113 - 32?
51
In base 8, what is 14 + -35?
-21
In base 11, what is 6 + 19?
24
In base 2, what is 10011100100011 + 100?
10011100100111
In base 8, what is 4 + 24?
30
In base 8, what is -3 + 44?
41
In base 9, what is -16 - 30?
-46
In base 3, what is 20 + 2001?
2021
In base 9, what is 6 + 1252?
1258
In base 2, what is -100 + -1100110?
-1101010
In base 14, what is 3 - -30?
33
In base 8, what is -1 - -756?
755
In base 15, what is 5 + -48?
-43
In base 7, what is 11 - -3415?
3426
In base 11, what is 62 + -14?
49
In base 6, what is -103521 - -2?
-103515
In base 3, what is -21100 + 2?
-21021
In base 14, what is 13 + -8?
9
In base 11, what is -3 - 71a9?
-7201
In base 8, what is 20 - -334?
354
In base 4, what is -333 - -202?
-131
In base 7, what is -3 + -3321?
-3324
In base 14, what is -5 + 363?
35c
In base 16, what is a - -15?
1f
In base 10, what is 1 + 182?
183
In base 13, what is 93 + 0?
93
In base 15, what is -19 + 53?
39
In base 16, what is 2 + -23b?
-239
In base 15, what is 25 + -1e?
6
In base 11, what is -12 + -3?
-15
In base 12, what is 1 + 29?
2a
In base 5, what is 2 - -44?
101
In base 12, what is 10 + -165?
-155
In base 16, what is -6 + 366?
360
In base 12, what is -288 + -2?
-28a
In base 11, what is 3 - -144?
147
In base 14, what is 4 - 44?
-40
In base 11, what is -1 + 605?
604
In base 9, what is -31 + -6?
-37
In base 11, what is -2 + -22?
-24
In base 5, what is -12 - 2412?
-2424
In base 12, what is 3 - 17a?
-177
In base 13, what is 3 + 2?
5
In base 2, what is -1011011110 - 1?
-1011011111
In base 2, what is 11 - -1110110110?
1110111001
In base 16, what is -117 + 1?
-116
In base 4, what is 1113 + 100?
1213
In base 12, what is -5 - -3?
-2
In base 4, what is -1011 - 311?
-1322
In base 7, what is 14 + 144?
161
In base 4, what is 112301 + 10?
112311
In base 8, what is 26 + 6?
34
In base 6, what is 12 - -150?
202
In base 5, what is -32 + 3?
-24
In base 10, what is -335 - 9?
-344
In base 15, what is -2d73 - 4?
-2d77
In base 8, what is -6733 - 2?
-6735
In base 10, what is 8 + -3?
5
In base 13, what is 44 + 13?
57
In base 6, what is -3 - 4555?
-5002
In base 13, what is -a9 - 2?
-ab
In base 16, what is -10a + 1?
-109
In base 13, what is 1 - -35?
36
In base 9, what is -3 - -13?
10
In base 4, what is 313 + -2022?
-1103
In base 9, what is -17 - 5?
-23
In base 2, what is -111010 + 1101?
-101101
In base 11, what is 1825 + -4?
1821
In base 11, what is -5 + 1194?
118a
In base 6, what is -220 + -4?
-224
In base 7, what is 6332 - 1?
6331
In base 10, what is -155 - 5?
-160
In base 16, what is 5 + -9f?
-9a
In base 16, what is ba - -14?
ce
In base 11, what is -19 + -16?
-34
In base 16, what is -8 + -1f3?
-1fb
In base 11, what is 5 - 126?
-121
In base 12, what is -4 - 25?
-29
In base 6, what is -2431 + -4?
-2435
In base 7, what is -13 - -12666?
12653
In base 9, what is -112 + -3?
-115
In base 2, what is -110 + 10000001?
1111011
In base 6, what is 103 - -1?
104
In base 15, what is -9ebe + 4?
-9eba
In base 8, what is 3 - 1515?
-1512
In base 8, what is 4 - -126?
132
In base 5, what is 4 - -2433?
2442
In base 3, what is -120002 - 2?
-120011
In base 16, what is -35a + -8?
-362
In base 6, what is -14223 + 2?
-14221
In base 4, what is 31 + 202?
233
In base 11, what is -6 - 1753?
-1759
In base 9, what is -181 + -3?
-184
In base 7, what is -156 + -35?
-224
In base 12, what is 5 - 188?
-183
In base 5, what is 2344 + -4?
2340
In base 14, what is 26c1 - -2?
26c3
In base 12, what is 25 - -7?
30
In base 7, what is 5 - -54?
62
In base 3, what is -2 + -100222?
-101001
In base 5, what is 2103 - 4?
2044
In base 4, what is 3 - 12323?
-12320
In base 11, what is -457 + -3?
-45a
In base 4, what is -1112200 - 0?
-1112200
In base 15, what is 0 - -55a?
55a
In base 14, what is 4 + -407?
-403
In base 4, what is -131 - 1003